s of o/68 - t/8.
53
Suppose 2*s = -5*s + 91. Let d = 134 + s. List the prime factors of d.
3, 7
Let p(q) = 48*q - 56. List the prime factors of p(16).
2, 89
Suppose 2661 = 881*d - 878*d. List the prime factors of d.
887
Suppose 5*r = 4*i - 1474, 5*i - 6*i + 3*r + 365 = 0. What are the prime factors of i?
7, 53
Let s be ((-2)/(-4))/(1/(-20)). Let d be (-15)/25 - 53/(-5). List the prime factors of 4/d - 36/s.
2
Suppose 0 = 3*k - 128 - 28. Let w = k - 6. What are the prime factors of w?
2, 23
Suppose k - 2*a = -5, 0 = -2*a - 3*a + 20. Suppose t + 428 = 3*b, k*t = 6*b - 3*b - 438. What are the prime factors of b?
3, 47
Let l(x) = -11*x**2 - 2*x + 3. Let a be l(1). Let y(f) = f**2 + f - 27. What are the prime factors of y(a)?
3, 7
Let i(c) = -c**3 + 74*c**2 + 90*c + 264. What are the prime factors of i(75)?
3, 463
Suppose 0*a + 3*h = -3*a + 15852, -21141 = -4*a + h. List the prime factors of a.
5, 7, 151
Let n(w) = -w + 6. Let p be n(4). Suppose 161 = p*f + 57. Let l = f + -4. What are the prime factors of l?
2, 3
Let y = -17 + 21. Suppose -y*h = h - 75. Let v = h + -11. What are the prime factors of v?
2
Let c = 691 - -3515. What are the prime factors of c?
2, 3, 701
Suppose -4*s = -r + 1224, -32*r - 3*s - 4961 = -36*r. List the prime factors of r.
2, 311
Let d(i) = 73*i**2 - 2*i - 3. Let y be d(-1). Suppose x - y = -3*x. List the prime factors of x.
2, 3
Let w = 20 - -10. Suppose p = -j - 3, -p = -5*j + 3 - w. Let z(x) = x**2 + x + 9. List the prime factors of z(j).
29
Let s be (28/35)/((-4)/10). Let b be -4 + s*(-39)/2. Suppose -4*v = -b - 45. List the prime factors of v.
2, 5
Suppose -k - 12 = -4*k. Suppose 5*p = k*v - v + 45, -34 = -4*p + 2*v. Suppose p*x - 57 = 57. What are the prime factors of x?
19
Let r(t) = -t**3 + 8*t**2 - t - 23. Let b be r(11). Let x = b - -652. List the prime factors of x.
3, 5, 17
Let u = 876 - 519. Suppose 0 = -s + 4*x + u, 0 = 4*s - 5*s + 2*x + 347. List the prime factors of s.
337
Let p(l) = 3*l - 23. Let r be p(11). Let n = r + 88. List the prime factors of n.
2, 7
Let c(i) = -i**2 - 9*i + 10. Let x be c(-10). Suppose x = 5*o - 13 - 2. Let q(m) = m**3 + m**2 - 2*m + 5. What are the prime factors of q(o)?
5, 7
Suppose 0 = -2*l - 4*u - 9 + 75, -2*l + 3*u = -94. Let a be (-20)/1 + 0/1. Let g = l + a. List the prime factors of g.
3, 7
Let f(u) = -31*u + 4. Let q be f(-11). Let t = q + -211. What are the prime factors of t?
2, 67
Suppose 4*u = -5*a + 292, -44*a - 62 = -45*a - 2*u. List the prime factors of a.
2, 7
Let l(p) = p**2. Let z(f) = -f**3 - 11*f**2 + 10. Let o be z(-11). Suppose -o = h - 6*h. List the prime factors of l(h).
2
Suppose -41*q = -40*q + 67. What are the prime factors of q/(-7) - 6/(-14)?
2, 5
Let r(l) = 67*l**2 - 2*l - 11. List the prime factors of r(7).
2, 3, 181
Let x = 294 + 231. Suppose -t = 0, 0 = -4*r - 4*t + x + 135. What are the prime factors of r?
3, 5, 11
Suppose 4*p + 4*x = 1692, -162 - 249 = -p - 4*x. What are the prime factors of p?
7, 61
Let z(j) = j**2 + 6*j - 7. List the prime factors of z(-14).
3, 5, 7
Let u(b) = b**2 + 23*b - 17. Let f be u(11). Let c = f + -214. List the prime factors of c.
11, 13
Let q be (-5729)/(-68) + 1 + (-5)/4. List the prime factors of q - (18/(-2))/3.
3, 29
Let s be (1 - 0)/(9/18). Suppose s*o + 18 = -2*u, 0 = o + 2*o + 5*u + 37. List the prime factors of (8 + -56)*o/6.
2
Let v(f) = 18*f**2 - 7*f. List the prime factors of v(3).
3, 47
Let s = -72 - -223. What are the prime factors of s?
151
Let y(f) = f**3 - 2*f**2 - 6*f. What are the prime factors of y(9)?
3, 19
Suppose -2*k + 3 = 2*d - d, -5*d - 5*k = -15. Suppose 9*c - 195 = -5*i + 4*c, d*i - 3*c = 93. List the prime factors of i.
5, 7
Let c(z) = z**2 + 6*z - 4. Let w = -12 - -4. Let d be c(w). Let g = d + -6. What are the prime factors of g?
2, 3
Suppose 2 = -2*x - 4. List the prime factors of (-9)/(-3) + x + 27.
3
Suppose 0 = -2*q + 4*w - 8*w + 1394, 4*w - 2796 = -4*q. List the prime factors of q.
701
Let n = -24 - -57. Let i be (-1809)/(-33) - (-6)/n. Suppose -2*c + i = -37. List the prime factors of c.
2, 23
Suppose 0 = -7*x + 8566 - 649. What are the prime factors of x?
3, 13, 29
Suppose -27 + 7 = -4*n. Suppose n*k = 2*k + 156. List the prime factors of k.
2, 13
Suppose 6*s + 130 = 4*s. Let c be s/(-9) + 24/(-108). Suppose 5*v = c*v - 126. List the prime factors of v.
3, 7
Let k(x) = 28*x - 142. List the prime factors of k(62).
2, 797
Suppose 0 = -3*n + n. What are the prime factors of (-3)/12*n + 68?
2, 17
Suppose 37*k + 5*s - 1987 = 36*k, 0 = 5*k + 4*s - 9977. List the prime factors of k.
1997
Suppose -9*y + 3261 = -87. Let b = y - 139. List the prime factors of b.
233
Suppose -33*z + 35855 = 9092. What are the prime factors of z?
811
Let b = 94 - 54. Suppose -4*v + 2*n = -90, v = 3*v - 2*n - b. Suppose -4 = 4*u + 2*s - 86, 5*s = v. List the prime factors of u.
2, 3
Let g = -4 - -21. Let j = -14 + g. Suppose -j*y - 180 = -3*h, -h = -0*h - 3*y - 66. List the prime factors of h.
3, 19
List the prime factors of (-5)/5*1*-3*5.
3, 5
Suppose -4*p + o + 10 = -4*o, 0 = o - 2. Let q be 51/15 - 2/p. Suppose 0 = -u - 2, -37 = -q*c + 3*u + 8. What are the prime factors of c?
13
Let j(q) = 211*q**3 + 3*q**2 - 4*q. List the prime factors of j(1).
2, 3, 5, 7
Suppose -5*j = 3*m - 11432, 12*m - j = 8*m + 15258. What are the prime factors of m?
2, 1907
Let n(d) = -7*d**3 - 6*d**2 + 5*d. Let y(w) = w**3 - w**2 - w + 1. Let g(v) = n(v) + 6*y(v). List the prime factors of g(-12).
2, 3
Let k(p) = -p**2 - 2*p + 4. Let z be k(-3). Let n be (z + (-3)/6)*12. Let m = n - 3. What are the prime factors of m?
3
List the prime factors of 1758/135*51 + (-14)/105.
2, 83
Let m(p) = 4*p**2 + 4*p - 3. Suppose -i - 4 = -6. Let d be m(i). Let q = d - 13. What are the prime factors of q?
2
Let i(x) = -15*x**3 + 3*x**2 - 3*x - 53. List the prime factors of i(-5).
2, 239
Let p(v) = v**2 - 3*v - 7. Let z be p(5). Suppose -4*u - 3*c + 237 = 0, -z*c = 5*u - 4*u - 57. What are the prime factors of u?
2, 3, 5
Suppose -z + 2*b + 7 = 0, 40 = -4*z - 4*b + 8. Let k(j) = -j**3 - 2*j**2 - j - 5. What are the prime factors of k(z)?
7
Let h(x) be the first derivative of x**5/20 - 3*x**4/4 - 3*x**3 + 1. Let b(z) be the third derivative of h(z). What are the prime factors of b(9)?
2, 3
Let t(z) = -5*z**3 + z**2 + 5*z + 1. Let b be t(-2). Let y = b + 59. What are the prime factors of y?
2, 47
Let k(l) = -3*l**2 - 50*l - 91. Let y(a) = -2*a**2 - 33*a - 61. Let d(z) = 5*k(z) - 8*y(z). List the prime factors of d(-17).
2, 3, 7
Suppose -939 = -18*u + 537. List the prime factors of u.
2, 41
Suppose 37*f + 10266 = 5*c + 35*f, 0 = -3*f - 9. What are the prime factors of c?
2, 3, 19
Suppose 20 = -6*q + q. Let a(y) = 4*y**2 - 5*y + 2. List the prime factors of a(q).
2, 43
Let b(u) = 53*u - 404. What are the prime factors of b(40)?
2, 3, 11, 13
Let a be (-2 - (1 - 3))/(-1 + -2). Suppose -v + 99 = -5*q, 2*v + 3*q - 139 - 7 = a. What are the prime factors of v?
79
Let s(l) = l + 7. Let v be 9/(-3)*1/(-1). Suppose -4*o - 8 = w - 3*o, 8 = v*w - 5*o. List the prime factors of s(w).
3
Suppose -4*v = -5 - 15. Suppose -v*q + 0*q = -280. List the prime factors of q.
2, 7
Let o = -16 + 9. Let h = 0 - o. Let x = h - 3. List the prime factors of x.
2
Let u(b) be the second derivative of -b**4/12 - 4*b**3/3 + 5*b**2/2 + 27*b. Let v = -11 + 5. List the prime factors of u(v).
17
Let f(v) = v**3 - 11*v**2 + 4*v - 45. What are the prime factors of f(13)?
3, 5, 23
Let s(h) = -3*h - 19. Let x be s(-19). Suppose -2*l = x - 178. List the prime factors of l.
2, 5, 7
Let p(u) = 3*u + 6. Let n(m) = 7*m + 12. Let l(r) = 4*n(r) - 9*p(r). Let k be l(10). Suppose k*y = 21 + 111. List the prime factors of y.
3, 11
Suppose -27*g + 22*g + 3*x = -1380, 299 = g + 4*x. What are the prime factors of g?
3, 31
Let i = 24 + -17. Let o(w) = -w**3 + 6*w**2 + 7*w + 7. What are the prime factors of o(i)?
7
What are the prime factors of -17 - -19 - (-2538)/3?
2, 53
Let i(n) = -86*n**3 - 5*n**2 - 7*n - 1. List the prime factors of i(-1).
3, 29
What are the prime factors of (12/(-36)*-60)/(4/346)?
2, 5, 173
Suppose 0 = -80*z + 83*z - 5028. List the prime factors of z.
2, 419
Suppose 2*w - 3784 = 5*v, 4*w - 5*v - 11026 = -3468. List the prime factors of w.
3, 17, 37
Suppose 140 = -5*y + 12*y. List t